13?
-33002
In base 4, what is -203 + -2002?
-2211
In base 11, what is 3 + 6187?
618a
In base 10, what is -293 + -1779?
-2072
In base 4, what is -2 + -3031311303?
-3031311311
In base 11, what is -1252 + 30?
-1222
In base 15, what is 1 - 3118e?
-3118d
In base 12, what is 737b + 16?
7395
In base 10, what is -17 - 6148?
-6165
In base 4, what is -2 + 20222311?
20222303
In base 3, what is -222221112 - 22?
-222221211
In base 2, what is -111011101 + -10011100?
-1001111001
In base 11, what is 7 - -653226?
653232
In base 11, what is 3 + 94516?
94519
In base 4, what is 32112 - -330?
33102
In base 9, what is -1070 - 32?
-1112
In base 5, what is 120 + 1014003?
1014123
In base 8, what is -166105 - 1?
-166106
In base 2, what is -1001001010 + -1010010?
-1010011100
In base 8, what is -235 - -763?
526
In base 15, what is -7d + -490e?
-498c
In base 2, what is -1001010000010111 - -1000?
-1001010000001111
In base 2, what is 10000 - -1000111000010101?
1000111000100101
In base 15, what is -3dc - -20d1?
1be4
In base 13, what is -7 - -20b5?
20ab
In base 9, what is 242 + -1627?
-1375
In base 5, what is 104230 + -4?
104221
In base 11, what is 1721 - 691?
1040
In base 15, what is 1ba8 - -1a?
1bc3
In base 8, what is -1 - -3151?
3150
In base 10, what is -8 - -204?
196
In base 14, what is 6 - -59a7?
59ad
In base 16, what is 58 + a2?
fa
In base 8, what is -3035 - -311?
-2524
In base 16, what is -c28 - 7a?
-ca2
In base 7, what is 2 + 64602?
64604
In base 5, what is -3 - 3200?
-3203
In base 4, what is 32 + 10203112?
10203210
In base 12, what is -17aba7b - 4?
-17aba83
In base 15, what is -1 - 29562?
-29563
In base 9, what is -367 - -213?
-154
In base 13, what is 93 + 103?
196
In base 7, what is -5050 + 251?
-4466
In base 3, what is -12000122 + -10100?
-12010222
In base 4, what is 12 + 1323120310?
1323120322
In base 15, what is -1b448 + -5?
-1b44d
In base 13, what is 65 + 1c?
84
In base 5, what is 203430211 + -3?
203430203
In base 12, what is 4 + 3971?
3975
In base 15, what is 4c0 - 51?
46e
In base 5, what is -3 + -2412231?
-2412234
In base 6, what is -22 - -21440?
21414
In base 7, what is 2 + 211335?
211340
In base 14, what is -2 - 23bd?
-23c1
In base 4, what is 10333333 - 3002?
10330331
In base 3, what is -100 - 110121000?
-110121100
In base 4, what is 233 + 3230020?
3230313
In base 8, what is -7 - -6243?
6234
In base 5, what is 340 - -10304?
11144
In base 8, what is 3 + 45722?
45725
In base 16, what is -393 + -51?
-3e4
In base 15, what is 683b + -9?
6832
In base 2, what is 10000110100011000 - -1000010?
10000110101011010
In base 16, what is -14db + -3?
-14de
In base 6, what is -242 - 3533?
-4215
In base 6, what is 2 - 105534?
-105532
In base 15, what is -340 + 3a4?
64
In base 3, what is 11222 + -2000020?
-1211021
In base 3, what is -11 - -2021100120?
2021100102
In base 14, what is 30bbb - -5?
30bc2
In base 8, what is -5 + -5206?
-5213
In base 6, what is 323 + -4345?
-4022
In base 11, what is -442 - -307?
-136
In base 16, what is 49 - 3a?
f
In base 7, what is 34 + 4303?
4340
In base 8, what is -5 - 556111?
-556116
In base 2, what is -1100100101100 + -1111001000?
-1110011110100
In base 13, what is 5703 - -2?
5705
In base 15, what is 291b21 + 0?
291b21
In base 16, what is 1 - f1f?
-f1e
In base 11, what is -1 - -12690?
1268a
In base 6, what is 142011 + -202?
141405
In base 2, what is 1111111110000000110 + 1?
1111111110000000111
In base 3, what is -1220100020 - -22?
-1220022221
In base 8, what is 4 + -1007013?
-1007007
In base 9, what is -55 + -37751?
-37816
In base 15, what is -545 + 84?
-4b1
In base 7, what is -36202 + 0?
-36202
In base 16, what is 3 + -3309d?
-3309a
In base 2, what is -1001101011 + 1011?
-1001100000
In base 6, what is -5 + -24534?
-24543
In base 11, what is 169 - 18a5?
-1737
In base 15, what is b - 12833?
-12827
In base 9, what is -122 - 1640?
-1762
In base 2, what is -1111010 + -10111111?
-100111001
In base 5, what is 30214 + 40?
30304
In base 11, what is 3 + 69827?
6982a
In base 6, what is -5 - -15554350?
15554341
In base 7, what is 646402 - 2?
646400
In base 7, what is -545 + 4?
-541
In base 3, what is 1 - -1221110010?
1221110011
In base 9, what is 434 + 0?
434
In base 9, what is 63282 + -101?
63181
In base 12, what is -2 - 10b47?
-10b49
In base 5, what is -43021142 - 2?
-43021144
In base 10, what is -20852 - 0?
-20852
In base 6, what is 14 + -2451?
-2433
In base 12, what is 100915 + -4?
100911
In base 12, what is 9525 + 6?
952b
In base 3, what is -1122121 - -2?
-1122112
In base 14, what is 1536 + 8?
1540
In base 14, what is -b15b + -3?
-b160
In base 11, what is -578929 + -3?
-578931
In base 10, what is -1258904 + 3?
-1258901
In base 15, what is -92b + -3c?
-968
In base 2, what is -101101000101011101 + -1?
-101101000101011110
In base 14, what is -214b + 45?
-2106
In base 4, what is 101 - -3213?
3320
In base 6, what is 5111 + -11351?
-2240
In base 2, what is 100011 - -101001000011?
101001100110
In base 11, what is 47 - 62146?
-620aa
In base 9, what is 74016 + -18?
73887
In base 4, what is -3 + 1002302331?
1002302322
In base 14, what is a33 + -54?
9bd
In base 6, what is -251505253 + 4?
-251505245
In base 16, what is -45 + -116?
-15b
In base 14, what is -1309 - 1a8?
-14b3
In base 3, what is 2022222110020 + 10?
2022222110100
In base 11, what is 257382 + -a?
257373
In base 9, what is -73 - -467?
384
In base 14, what is 1b4 - 221?
-4b
In base 10, what is 4 - -28094?
28098
In base 10, what is -2474 - 81?
-2555
In base 14, what is 3 - -5c5?
5c8
In base 7, what is -36 + -11654?
-12023
In base 9, what is -7 - -64677?
64670
In base 10, what is -193 - -1337?
1144
In base 4, what is 123331 + -32?
123233
In base 3, what is 12 + -2110102?
-2110020
In base 2, what is 11 - 1001100000100100?
-1001100000100001
In base 6, what is -153014 + 4?
-153010
In base 9, what is -4 - -13537?
13533
In base 5, what is -44 + -33?
-132
In base 16, what is -3f - -3b?
-4
In base 14, what is 0 - 52487?
-52487
In base 2, what is 110 + 1110?
10100
In base 10, what is 68186 + -1?
68185
In base 3, what is -112 - -222111212?
222111100
In base 3, what is 2 - 110101100?
-110101021
In base 4, what is -33000213 - -1133?
-32333020
In base 7, what is 153 + 122105?
122261
In base 3, what is 2120122 + -1001?
2112121
In base 8, what is -11702 + 21?
-11661
In base 7, what is 403550 + -6?
403541
In base 13, what is -338 + 71?
-297
In base 8, what is 5 - 35405?
-35400
In base 4, what is 23123 + -1133?
21330
In base 15, what is -5 + -74ab9?
-74abe
In base 10, what is 27360 + 17?
27377
In base 12, what is 1 + -5b49?
-5b48
In base 12, what is -4169 + -9?
-4176
In base 16, what is -39 + -30c?
-345
In base 14, what is -65bd + 3?
-65ba
In base 10, what is -17978 + 9?
-17969
In base 6, what is -123 + -40504?
-41031
In base 12, what is 13 + 8577?
858a
In base 2, what is -11 + 1000111100010101010?
1000111100010100111
In base 9, what is 55276 + -5?
55271
In base 5, what is -212 + 41444?
41232
In base 8, what is -200 - 23?
-223
In base 13, what is 3 - 825a7?
-825a4
In base 4, what is -11 - -21301120?
21301103
In base 4, what is 1 + -101113020?
-101113013
In base 9, what is 226 + -708?
-472
In base 13, what is -2586 - a?
-2593
In base 8, what is -1650 + -1556?
-3426
In base 6, what is 3215 - -33120?
40335
In base 16, what is 1 - -e0?
e1
In base 11, what is -126a3 + 4?
-1269a
In base 10, what is 52 - 36824?
-36772
In base 3, what is -10022 + -21221001?
-22001100
In base 14, what is 1ac82 + 5?
1ac87
In base 8, what is 243 + -55?
166
In base 12, what is -a - 206?
-214
In base 8, what is 4 + 72241?
72245
In base 2, what is 1100110000001010001 - 10?
1100110000001001111
In base 9, what is -4 + 1410?
1405
In base 3, what is -11 - 1001022110101?
-1001022110112
In base 12, what is 1541 - 211?
1330
In base 8, what is 51124 + -2?
51122
In base 13, what is -3a7b + 0?
-3a7b
In base 13, what is 275 - -524?
799
In base 6, what is -1310024 - 4?
-1310032
In base 7, what is 2 - -1204203?
1204205
In base 14, what is -d07d0 - 3?
-d07d3
In base 9, what is 135 - -71?
216
In base 10, what is 2 + -7278?
-7276
In base 16, what is 65 + -6b93?
-6b2e
In base 5, what is -1 - -1032312?
1032311
In base 16, what is -3 - 64a3?
-64a6
In base 8, what is 31 - 501?
-450
In base 2, what is 110000011100 + -1010?
110000010010
In base 4, what is -1113 + -3132